3600 - 3) a composite number?
False
Suppose 3*p - 4*p = -3*j - 2, -p + 4*j + 2 = 0. Suppose -4*m = -3*m - 3. Suppose p*t + 0*n - 578 = n, -m*t = -4*n - 867. Is t composite?
True
Let y(j) be the second derivative of 10*j**4/3 + j**3/3 - 7*j**2/2 + 318*j. Let i(r) = 2*r + 3. Let m be i(-3). Is y(m) a composite number?
False
Let f(g) = 2*g - 10. Let q be f(6). Suppose -4*k + 4*v = -32, 1 = q*v + 7. Suppose -80 = -k*t + 185. Is t composite?
False
Let v(j) = 14*j**3 + 2*j**2 - 8*j - 11. Is v(6) composite?
False
Let x(z) = -411*z + 17. Is x(-2) a composite number?
False
Let b(a) = -8*a**3 - 2*a**2 - 45*a - 16. Is b(-9) a prime number?
False
Suppose -3 = -4*h + 21. Let k be ((-10)/3)/(h/18). Let a(c) = -c**3 - 10*c**2 - 9*c - 1. Is a(k) a prime number?
True
Let o be -8 + 11 - (9645 + 0). Is 36/234 - o/26 composite?
True
Let s(i) = -4*i**2 - 42*i + 48. Let j(z) = -z**2 - 14*z + 16. Let u(d) = 7*j(d) - 2*s(d). Is u(17) a composite number?
False
Suppose 3*j - w - 2*w = 24, -2*j + 3*w = -18. Let o(t) = -53*t - 4 - 47*t + 103*t. Is o(j) a prime number?
False
Suppose 0 = -5*d - f - 58, -5*f + 32 - 80 = 3*d. Let x(h) = -h**3 + 4*h - 8. Is x(d) a prime number?
True
Suppose -36 = 3*b + 4*f, -b + 2*f - 2 - 10 = 0. Let w be (-12)/16*b/3. Suppose -2*v + 3*v - 252 = -w*s, v + 80 = s. Is s prime?
True
Suppose -x = 2*a - 4*a + 8683, 4*a + 3*x - 17361 = 0. Is a prime?
False
Let v = 5 - 10. Let m(g) be the second derivative of -g**5/10 + g**4/3 + 4*g**3/3 + 7*g**2/2 + g. Is m(v) a composite number?
False
Let g(l) = 20*l**3 + 6*l**2 + 6*l + 1. Let w be g(-4). Let a = -644 - w. Is a prime?
True
Let c = -25360 + 37107. Is c prime?
False
Suppose -s - 2225 = 4*s + 3*f, 0 = 3*s - f + 1349. Let a = s + 809. Is a a composite number?
True
Suppose 7*p - 5*p = 1732. Suppose -8*n = -3*n + 1935. Let w = p + n. Is w prime?
True
Let f(c) = -51*c**3 + c**2 + 6*c + 58. Is f(-8) a prime number?
False
Let c(z) = -12*z**3 + 6*z**2 - 7*z - 6. Let w be c(9). Is w*(21/(-9) + 2) a composite number?
False
Suppose -l = -2*v - 5186 + 35, -3*l = -2*v - 15433. Is l composite?
True
Let t = 2134 + -1330. Suppose 0 = o - 4*o + t. Suppose 0 = -6*q + 2*q + o. Is q prime?
True
Let t(y) = 4*y**2 - 4 + 3 - 2 + 16*y - 6*y**2. Is t(7) composite?
False
Suppose -8*c = -12*c + 14372. Is c a prime number?
True
Suppose 3*t - 53 = -2*o, 0 = -t - 4*o + o + 20. Suppose 12*l = t*l - 1345. Is l a composite number?
False
Suppose 5*z - y - 270 = 0, 2*z + 8*y - 81 = 3*y. Suppose -2*q + 291 = z. Is q prime?
False
Let o(v) = v**3 - 1. Let n be o(0). Is (1/(n/(-2)))/(14/3395) prime?
False
Suppose 4*k + 2584 = 12*k. Is k a prime number?
False
Let k(b) = 99*b + 74. Is k(13) a prime number?
True
Let r(b) = 160 - 3*b**2 + 9*b**2 - 2*b**2 - b. Let c(l) = 5*l**2 - l + 159. Let h(p) = -3*c(p) + 4*r(p). Is h(0) composite?
False
Is (-5)/((-175)/206595) + 10/35 a composite number?
False
Let d be -5 - (2 - (-2 + 7)). Let g(m) = 529*m**2 - 6*m + 1. Is g(d) composite?
False
Suppose 130 = -d + 549. Is d composite?
False
Let p(h) = 3203*h**2 - 21*h + 58. Is p(3) a prime number?
False
Let b(u) = 397*u + 2. Let p = -26 - -37. Is b(p) prime?
False
Is (-56 + 53 - (-22)/8)*-16708 a composite number?
False
Let g(q) = -q**2 - 3*q + 7. Let b be g(-6). Let f(h) = h**2 + 11*h + 2. Let u be f(b). Suppose 2*v + 0*m - 48 = u*m, -3*v + 5*m = -76. Is v a composite number?
True
Suppose -33553 = -212*a + 199*a. Is a composite?
True
Let u = 19 + -24. Let y(g) = -19*g**3 + 5*g**2 - 4*g + 1. Is y(u) a composite number?
False
Suppose 0*j - 26940 = -12*j. Suppose 28*p - 27*p = j. Is p a composite number?
True
Let j(c) = -2 + 30*c - 36*c - 1. Is j(-3) prime?
False
Let o(r) = 2 + 4*r**3 + 3 - 141*r**2 + 135*r**2 - 2*r. Is o(6) a composite number?
False
Suppose 5*j = -x + 34, j + 3*x - 8*x - 12 = 0. Suppose -j*m - 7*m = -14154. Is m a composite number?
True
Suppose 3500 = 2*k - 16434. Is k a prime number?
True
Suppose -5849*g + 5855*g - 161142 = 0. Is g prime?
False
Let p be (16/10)/((-4)/(-50)). Let q(f) = -2 + 2 - 5*f**3 - 1 - p*f**3. Is q(-2) a prime number?
True
Let r(c) = -c**2 + 10*c + 15. Let n be r(11). Suppose -n*a + 2*d = -8, 2*a + d - 11 = -a. Suppose 23 - 68 = -a*q. Is q composite?
True
Let j = 1072 + -609. Is j a composite number?
False
Let w = -14652 - -32837. Is w prime?
False
Let r(u) be the second derivative of u**5/20 - 2*u**4/3 + 3*u**2/2 - 4*u. Let i be r(8). Is (145 - i)/(2 + 0) prime?
True
Let a = -3816 + 8983. Is a composite?
False
Suppose w + 5*z - 344 = 0, 4*w - 2*w - 643 = 5*z. Suppose -3*t - 2*x - x + 324 = 0, 3*t = 2*x + w. Let g = 270 - t. Is g prime?
False
Suppose 5*k - 5*c - 2695 = 0, -c = -2*k - 456 + 1536. Is k composite?
False
Suppose -4*x + 5399 = -521. Let d = 117 + x. Is d composite?
False
Let f(g) = 6 + g**2 + 2*g - 2*g + g + 0*g. Let n be f(0). Is (116/(-2))/((-4)/n) a prime number?
False
Let b = 7 + -4. Suppose -b*y = 2*y - 9205. Is y a prime number?
False
Let g(x) = -x**3 - 8*x**2 - 11*x - 10. Is g(-12) composite?
True
Suppose -i = -4*q - 1957, -6*q + 1965 = i - 8*q. Is i composite?
False
Suppose 0 = -u - z - 296, 0 = -2*z - z + 3. Suppose 5*c - 5*i = -1050, 0*i + 1051 = -5*c + 4*i. Let a = c - u. Is a a composite number?
True
Let d = -1 - -1. Suppose d = 4*c - 2*c - 110. Is c a prime number?
False
Let m(v) = 20*v**2 + 11*v + 4. Let k be m(-7). Let a = 1664 - k. Is a a prime number?
True
Let x(b) = -b**2 - 9*b + 3. Let s be x(-9). Is (9/(-36))/((s/(-5444))/3) a prime number?
True
Let t(d) = 17*d**3 - 4*d**2 + 6*d - 6. Let g = -14 + 18. Let y be t(g). Let n = y - 683. Is n prime?
True
Let p(s) = 16*s**3 + 7*s**2 + 20*s + 1. Is p(10) composite?
False
Let b = 154608 - 89505. Is b composite?
True
Let c(s) be the second derivative of -s**5/10 - s**4 + 3*s**3/2 + 2*s**2 + 98*s. Let l be (6 - 0)*15/(-10). Is c(l) prime?
True
Suppose 103*w - 94*w - 48609 = 0. Is w a prime number?
False
Suppose 24*d - 6054 = 22*d + 4*k, 9031 = 3*d + 4*k. Is d a composite number?
True
Suppose 41735 = 5*h - 4*l, -4*h + 6*h - 2*l = 16694. Is h a prime number?
False
Suppose 6318 = 4*q - 1626. Suppose 38*g - 36*g = q. Is g composite?
True
Let k = 3383 + 3254. Is k a prime number?
True
Let d(k) be the second derivative of k**5/10 - k**4/3 + k**3/2 - 2*k**2 - 10*k - 2. Let j be 2/(-9) - 141/(-27). Is d(j) prime?
False
Let c = -67181 - -107962. Is c prime?
False
Let p = -77 - -79. Suppose 0 = 4*d + 4*o - 468, 0 = -p*d + 5*d - o - 359. Is d a prime number?
False
Let b(o) = -145*o**3 - o**2 - 2*o - 1. Let j be b(-1). Let q be (-482)/8 - (-1)/4. Let v = j + q. Is v a prime number?
False
Let y be -2 - (416 + -1)/1. Suppose -632 = -2*j - k + 589, -5*j + 3035 = -k. Let m = y + j. Is m a composite number?
False
Let k = 4874 - -773. Is k prime?
True
Suppose 0 = -r + 2*z - 202, -2*z = 5*r - 0*z + 1058. Let p = -119 - r. Is p a prime number?
False
Let m(g) = -g**3 + 3*g**2 + 2*g + 1. Let a be m(-2). Suppose -l + a = -1497. Is l a prime number?
False
Let u be ((-8)/(-6))/((-2)/(-6)). Suppose -3*g - 3*f + 579 = -288, u*g - 1157 = -5*f. Suppose -5*q + 3*p + 341 = -g, 3*q - 2*p = 377. Is q composite?
False
Let o = 15 - 34. Let s = o + 352. Suppose -5*m + 62 = -s. Is m a prime number?
True
Let j(x) = -79*x + 9. Let v(n) = -158*n + 19. Let c(y) = -13*j(y) + 6*v(y). Suppose 1 = 3*q + h, 15 = 5*q + 16*h - 17*h. Is c(q) a prime number?
False
Is (0 + (-3)/9)/(2/(-6582)) a prime number?
True
Suppose -6*a + 25 = -5. Suppose a*g - 2782 + 984 = 4*i, 4*i = g - 366. Is g prime?
False
Let p(l) be the first derivative of 1283*l**3/3 + l**2 + l - 2. Let f be p(-1). Suppose 3*a - f = a. Is a prime?
True
Let w(k) be the first derivative of k**3/3 - 9*k**2/2 + 16*k + 3. Is w(7) prime?
True
Suppose 3*h = -2*h. Let x(u) = u**3 + u**2 - u + 2. Let n be x(h). Suppose -565 = -3*i - n*i. Is i prime?
True
Suppose 12*c - 6274 + 922 = 0. Is c a prime number?
False
Let b(t) = -71*t + 8. Let r be b(-5). Let o = 32 + r. Is o prime?
False
Let a(n) = n**3 + 6*n**2 + 5. Let t be a(-6). Suppose 93 = t*g - 2*g. Is g composite?
False
Suppose -10 = -4*f + 6. Suppose -5*u - 2*m + 7*m = 5, -f*m = u - 24. Is (u/5)/(26/1885) a prime number?
False
Let t(k) = 1857*k**2 + 145*k + 3. Is t(-5) prime?
False
Let k(q) be the first derivative of 64*q**3/3 - q**2 + q + 6. Is k(-6) a prime number?
False
Let w(o) 